= 3*o - 9, -o = o + c - 7. Suppose 4*m - o*m = 0. Calculate r(m).
2
Let d = 3 - 5. Let f(n) = 6*n + 2. Let h(g) = -10*g + 0 + 4 + 23*g. Let k(p) = -7*f(p) + 3*h(p). Calculate k(d).
4
Let z(m) = -m**2 + 2. Let v(b) = 2*b**2 - 1. Let l(j) = -2*v(j) - 3*z(j). Give l(0).
-4
Let y(o) = -o**2 - 6*o - 5. Let k(l) = -l**2 + 5*l + 1. Let s be k(6). Let j be y(s). Let q(g) = 3*g - 9 - 4*g + 3. Calculate q(j).
-6
Let b(q) = -5 - 5 + 2 - 3*q. Let r(k) = -4*k + k + 2*k. Let i(y) = b(y) - 2*r(y). Calculate i(-4).
-4
Let v(h) = 7*h**3 - h**2. Let q(a) = -a**3 + a**2 + a + 1. Let l(f) = 6*q(f) + v(f). Let n(r) = -r**2 - 29*r - 4. Let g be n(-29). Give l(g).
-2
Suppose -7*k + 26 = 5. Let p(n) = -3*n. Give p(k).
-9
Let z(l) = -26*l + 11*l + 3 + 3*l + 9*l. What is z(3)?
-6
Let l(k) be the second derivative of -k**5/20 - k**4/4 + k**2/2 - 9*k. Give l(-3).
1
Let s(p) = 4*p**2 - 4*p + 3. Let r(b) = -5*b**2 + 4*b - 3. Let t(q) = -5*r(q) - 6*s(q). Let j = 419 - 423. Determine t(j).
-3
Let i(a) = a**2 + 4*a - 3. Let n be (0/2)/(-3 + 4). Let y(l) = -l**2 + l + 5. Let r be y(n). Suppose 0 = -4*x + 3*w - 8, -r*x = 2*w - 0*w + 33. Give i(x).
2
Let q(y) be the third derivative of -y**6/120 - y**5/10 - y**4/6 + 5*y**3/6 - y**2. Suppose -5*s - 20 = -m + 9, 17 = -s + 3*m. Calculate q(s).
0
Suppose 1 = h - 3. Let a(z) = -z**3 + 3*z**2 + 6*z - 3. Determine a(h).
5
Let z(f) be the second derivative of f**3/3 + f**2 + f. Calculate z(2).
6
Let d(w) = w**3 - 5*w**2 - 2*w + w - 1 - 2 + 7. Determine d(5).
-1
Suppose -2*q + q = 0. Suppose 2*x + 12 = 6*x - 4*t, q = -x - 4*t - 2. Suppose 2*f + x = -0*f. Let s(a) = 5*a**3 + a. Calculate s(f).
-6
Let q(v) = -v**2 - 4*v + 1. Let x be (1/2)/((-5)/(-30)). Let s = x + -7. Give q(s).
1
Let s be 14/(-12) - (-2)/12. Let i(m) be the first derivative of 7*m**3/3 - m + 3. Calculate i(s).
6
Let b(z) be the first derivative of -z**4/4 + 5*z**3/3 + 7*z**2/2 - z + 22. Let g(j) = j**3 + 4*j**2 + j. Let d be g(-3). Give b(d).
5
Let l(a) = -11*a + 3*a - 1 + 0 + 6*a. Let p(r) = -r - 1. Let b(g) = 2*l(g) - 3*p(g). Give b(-1).
2
Suppose 0*p = 4*v + 2*p - 2, 12 = 4*p. Let l be 0 + 3 + v + 2. Let h(c) = c - 4. Give h(l).
0
Let v(m) = m. Let r(p) = -8*p. Let o(t) = -r(t) - 2*v(t). Suppose n - 2 = 1. Suppose -2*l = -w - 4*w - n, l - 1 = 2*w. What is o(l)?
-6
Let h = 19 + -21. Let i(d) = d**3 + 3*d**2 + 2*d + 2. Determine i(h).
2
Let v(j) be the first derivative of -4*j**3/3 - j**2 + 50. Give v(-2).
-12
Let s(v) = -3*v**3 + 6*v**2 + 5*v + 1. Let z(r) = 4*r**3 - 6*r**2 - 5*r. Let w(f) = 5*s(f) + 4*z(f). What is w(-5)?
5
Let y(p) = -3*p**2 - 26*p + 7. Let h(u) = u**2 + 9*u - 2. Let q(b) = 8*h(b) + 3*y(b). Determine q(-6).
5
Let q(f) = -6*f**2 - f + 2. Let j(p) = -p**2 + 1. Let g(t) = 2*t**2 - 1. Let i be g(1). Let y(k) = i*q(k) - 3*j(k). Suppose 8*r + 17 = -9*r. Determine y(r).
-3
Let l(q) = -q**2 + 3*q + 1. Suppose -12 = -h - h. Suppose 2*d - 7*j = -3*j - h, -2*j = d - 13. Suppose -4*n + 17 - d = 0. Determine l(n).
1
Let w(u) = -6*u - 2. Let d(f) = -f + 2. Let j(m) = 2*d(m) - w(m). Suppose t = 5*t + 5*g + 31, -3*g + 11 = -5*t. Determine j(t).
-10
Let b(u) = -u**3 - 5*u**2 + 7. Let l = 82 + -87. What is b(l)?
7
Let l(q) = 3*q + 4 - 3*q - 4*q. Suppose -60 = 5*g - 3*r, 3*g + 17 = -3*r + r. Let f = 12 + g. What is l(f)?
-8
Let p = 4 + -7. Let j(u) = 2*u**2 + 4*u - 1. Let b be j(p). Let q(a) = -b*a + 3*a - a**2 + 0*a + 3. Determine q(2).
-5
Let l(a) be the third derivative of 0*a + 1/10*a**5 - 5/24*a**4 - 1/120*a**6 - 7/6*a**3 - 3*a**2 + 0. Suppose 6*r = r + 25. Calculate l(r).
-7
Let f(v) = v**2 + 4*v - 4. Suppose z + 4*o = -24, 2*z + 26 = -2*o + 8. Determine f(z).
-4
Let g(o) be the first derivative of -o**2/2 - 28. Determine g(-6).
6
Let x(z) = -3*z + 8*z - 4*z**2 - 4 + 3 - 2*z. What is x(2)?
-11
Let c(o) = o**2 + 1. Let a(h) = 2*h**2 + 11*h + 9. Let r(z) = -a(z) + c(z). Determine r(-7).
20
Let q(o) be the third derivative of o**8/6720 + o**7/504 + o**6/180 + o**5/30 + 5*o**4/24 + 4*o**2. Let b(a) be the second derivative of q(a). Give b(-4).
4
Let x(v) = 9*v - 5. Let l(n) = 17*n - 10. Let u(g) = 6*l(g) - 11*x(g). What is u(4)?
7
Suppose 2*p - 10 = -3*p. Let y(i) = -i**3 - 2*i + i - 4*i - 6*i**p - 1. Suppose -3*t + 2 + 10 = 0, 5*k + 33 = 2*t. Determine y(k).
-1
Let j(t) be the third derivative of -t**4/24 - 9*t**3/2 - 15*t**2 + 2. Give j(0).
-27
Let j(q) = 3*q**2 + 22*q + 15. Let p be j(-7). Let a(y) = -y - 3. Give a(p).
-11
Let v(a) = -9*a**2 + 0 + 1 - 14*a**2 + 24*a**2. Calculate v(-1).
2
Suppose 0 = 5*l - 7*l + 6. Let s(f) be the second derivative of 0*f**2 - 1/6*f**3 + 0 - l*f. Determine s(1).
-1
Let y be 0/(-3 - -2) + 1. Let d(b) = 4 + 19*b - 9*b - y - 11*b. Give d(2).
1
Let p(n) = -n - 2. Let k(x) = x**3 + 5 + 5*x**2 + 0 + 2*x**2 - x**2 + 7*x. Let g be k(-5). What is p(g)?
3
Suppose -12*z + 0*z = 48. Let u(k) = -k**2 - 3*k - 5. Calculate u(z).
-9
Let v(p) = -4*p - 5. Let s(b) = 9*b + 11. Let z(w) = -3*s(w) - 7*v(w). What is z(-4)?
-2
Let d(v) = -v**2 - v + 5. Let j be d(0). Suppose -j*q = 46 - 11. Let f(p) = p**3 + 8*p**2 + 6*p - 6. Give f(q).
1
Let t(i) = -i**2 - 8*i - 6. Let a = 2 + 1. Suppose a*p + 2*p = 15. Suppose 0 = 2*c + 9 + p. Calculate t(c).
6
Suppose 2*f - 2 - 6 = 0. Suppose -y = 3*t + 21, 5*y = f*y - 3. Let p(n) = 2*n + 9. Give p(t).
-3
Let u(l) = -l**2 + 11. Let n be u(4). Let z(j) = -3*j - 7. Determine z(n).
8
Suppose 7 = 2*x - 3. Let s(g) = g**3 - 6*g**2 + 4*g + 3. Calculate s(x).
-2
Let b(v) = -v**2 + 8*v - 7. Let t(s) = s**2 + 10*s - 14. Let r be t(-10). Suppose -o + 2*d - 17 = 0, 3*o + 19 = -0*d - 2*d. Let j = o - r. Give b(j).
8
Let u(j) = j**3 + 4*j**2 - 5*j. Let f(g) = g**3 - 4*g**2 - 7*g + 5. Let t be f(5). Determine u(t).
0
Let g(w) = 0*w**2 - 4*w + 0*w**2 + 10 + 3*w - w**2. Calculate g(0).
10
Let f = -18 + 22. Let m(p) = -p**3 + 2*p**2 - f*p**2 - p + 7*p - 3 - 3*p**2. Give m(-6).
-3
Suppose 3*z = -3*z + 12. Let t(l) = 2*l + 3*l - 3*l - 3. Determine t(z).
1
Let v = -4 - -16. Suppose 5*o - v = -2. Let y(p) = 0*p**2 - p**2 + 2*p**o. Determine y(2).
4
Let g(l) be the first derivative of -l**4/4 + l**3/3 + 2*l**2 - 4*l + 7. Calculate g(3).
-10
Let r(s) = 0*s - 4*s + 3*s**2 - 3*s + 5 - s**2. Give r(4).
9
Let c(b) be the third derivative of b**5/60 - b**4/4 + b**3/3 + 15*b**2. Give c(4).
-6
Let h(d) = -1 - 4*d**3 - 4*d**2 - d + d**2 - d**3 + 6*d**3. Determine h(2).
-7
Let d be 18/(-4)*(-2)/3. Suppose -3*m - z + d = -10, 2*m - 14 = -2*z. Suppose -h = -m*i + 4, 0 = 4*i + 3*h - 1. Let y(w) = 3*w**2 - 1. Give y(i).
2
Let i = 5 - 1. Suppose -2*f + 0 - i = 0. Let h(j) = 5*j + 2. Determine h(f).
-8
Let i = -2 + 2. Suppose -2*d - 3*g + 4 = 0, i*d + 2 = d + 2*g. Let l(z) = -3 + 2 + 3*z**2 - z - 4*z**d. What is l(-2)?
-3
Let n(t) be the second derivative of 1/6*t**4 - 1/720*t**6 + 0*t**3 + 0 - 1/20*t**5 + 2*t + 0*t**2. Let w(v) be the third derivative of n(v). Determine w(-5).
-1
Suppose w + 2 - 13 = -4*j, 2*w = -3*j + 12. Let i(b) = -w*b**2 + 2*b + 2 - 3 + 11*b**2 - 7*b**2. Calculate i(-4).
7
Let q(m) = m**2 + 3*m + 3. Suppose 0 = 3*z + 8 + 4. What is q(z)?
7
Let b(v) be the third derivative of 0*v + 0*v**3 + 0 + 0*v**4 + 2*v**2 + 1/60*v**5. Let p = -2 + 4. What is b(p)?
4
Let f(s) be the first derivative of s**4/4 - 5*s**3/3 + s**2/2 - 3*s - 4. Give f(5).
2
Let n(t) be the second derivative of -t**4/12 - 2*t**3/3 + 3*t**2 + 172*t. Let g(q) = q**2 + 7*q. Let r be g(-6). What is n(r)?
-6
Suppose 2 = b + b. Suppose 3*g + 11 = 4*q, 2*q - 9 = 2*g - q. Let j(n) = 12 - 11*n**g - n**2 + 2*n**3 - 11. Determine j(b).
-9
Let p(u) = -u**2 + 5*u - 1. Let s be p(5). Let r(f) = 4*f**3 + 1. Let h be r(s). Let a(x) = x**3 + 4*x**2 + x + 3. Determine a(h).
9
Let z(d) = 0*d**3 - 2*d**3 - 2*d**2 - d**2 - d**2 - 2*d. Calculate z(-2).
4
Let p = 2 - -13. Suppose -4*m = -m - p. Let y(b) = b**2 - 4*b + 1. Give y(m).
6
Let m = -3 - -5. Let n(q) = 5*q - 5. Let k(l) = -14*l + 16. Let i(b) = -2*k(b) - 7*n(b). Give i(m).
-11
Let j be (15/6)/(1/6). Suppose 4*g = -21 - j. Let b = 13 + g. Let v(n) = -n**2 + 5*n + 2. Calculate v(b).
6
Let c(q) = q**2 - 2*q - 1. Let t(m) = -m**3 + 4*m**2 - 2*m. Let w be t(3). Determine c(w).
2
Let b(j) = -j**2 - j. Let a = -5 + 6. Let o(g) = 4*g**2 + 4*g - 2. Let f(s) = a*o(s) + 2*b(s). Calculate f(-2).
2
Suppose 0 = 5*t - 4*a - 21 - 19, -5*a = -2